 factor of 643362463?
False
Is 29 a factor of 93825846?
True
Is 2682 a factor of 216570919?
False
Is 5141018191 a multiple of 317?
True
Is 15 a factor of 555741915?
True
Is 313102862 a multiple of 936?
False
Does 24 divide 209138198?
False
Does 1355 divide 115315920?
True
Does 2828 divide 418965436?
False
Is 2644490925 a multiple of 167?
True
Does 14 divide 3515096101?
False
Does 12 divide 22515530?
False
Is 7788673 a multiple of 68?
False
Is 23 a factor of 407089482?
False
Is 12966053 a multiple of 140?
False
Is 280140655 a multiple of 2184?
False
Does 56 divide 3432384592?
True
Is 9548913 a multiple of 2349?
False
Is 3 a factor of 32199677?
False
Is 11 a factor of 175436393?
True
Is 37 a factor of 4290335?
True
Is 4 a factor of 5454218?
False
Is 14 a factor of 371458831?
False
Is 6876510 a multiple of 223?
False
Is 18462030 a multiple of 13?
False
Is 721 a factor of 1220196436?
False
Does 453 divide 3482211?
True
Does 11 divide 4244096?
False
Is 1310 a factor of 88092379?
False
Is 1197 a factor of 192554778?
False
Is 774 a factor of 44008866?
True
Does 13 divide 369952798?
False
Is 476 a factor of 853654116?
True
Is 6394889 a multiple of 772?
False
Is 644 a factor of 32274858?
False
Is 122061224 a multiple of 74?
True
Does 200 divide 1318463842?
False
Does 97 divide 13956619?
False
Is 17 a factor of 812630022?
True
Does 1477 divide 345196587?
False
Does 822 divide 39224383?
False
Is 42 a factor of 107408910?
True
Does 3883 divide 1742919497?
True
Is 1821583352 a multiple of 38?
True
Is 134618866 a multiple of 18?
False
Is 4 a factor of 11303969?
False
Is 63172620 a multiple of 252?
True
Does 13 divide 16980795?
True
Does 15 divide 32083605?
True
Is 495 a factor of 7852185?
True
Does 88 divide 252274214?
False
Is 125388719 a multiple of 19?
False
Is 53114681 a multiple of 17?
True
Is 2161 a factor of 1375761827?
False
Does 277 divide 37608771?
False
Is 16 a factor of 31209808?
True
Does 6031 divide 105084562?
False
Is 1222937271 a multiple of 155?
False
Is 619187065 a multiple of 2829?
False
Is 47 a factor of 15644749?
True
Does 22 divide 8796590?
True
Is 6175 a factor of 303019600?
True
Is 776638904 a multiple of 188?
True
Is 45525381 a multiple of 32?
False
Is 591 a factor of 431021028?
True
Does 615 divide 27469058?
False
Does 453 divide 145230441?
True
Is 16929088 a multiple of 88?
True
Is 125 a factor of 320321250?
True
Does 5 divide 210005876?
False
Is 100861092 a multiple of 70?
False
Does 10 divide 486797158?
False
Is 1648247280 a multiple of 88?
False
Does 10 divide 710505420?
True
Does 58 divide 28920140?
False
Does 12 divide 7771440?
True
Is 19 a factor of 55250186?
False
Does 462 divide 105718536?
True
Does 298 divide 5785971?
False
Does 30 divide 336005426?
False
Is 5335315 a multiple of 5?
True
Is 34 a factor of 36076615?
False
Is 7787463 a multiple of 270?
False
Is 227 a factor of 9954177?
True
Is 58 a factor of 6049023?
False
Does 135 divide 788662845?
True
Is 3478334046 a multiple of 66?
True
Is 380394888 a multiple of 461?
False
Is 639547400 a multiple of 40?
True
Is 326938362 a multiple of 6?
True
Does 5 divide 68026635?
True
Does 1902 divide 2544683?
False
Is 5748608 a multiple of 2?
True
Does 42 divide 110776886?
False
Does 5271 divide 2027374188?
True
Is 1891 a factor of 156334298?
False
Is 27018238 a multiple of 2046?
False
Is 2 a factor of 6283351?
False
Does 1663 divide 20602780?
False
Is 3917403 a multiple of 243?
True
Is 285953526 a multiple of 43?
True
Is 480 a factor of 304739040?
True
Is 513667753 a multiple of 480?
False
Is 1338183162 a multiple of 6861?
True
Is 174000537 a multiple of 57?
True
Does 22 divide 622031850?
True
Does 16 divide 18657287?
False
Is 39 a factor of 562514456?
False
Does 62 divide 474729908?
True
Does 11 divide 10853139?
True
Is 150222168 a multiple of 2748?
True
Is 31 a factor of 190771334?
True
Is 3 a factor of 54027945?
True
Does 237 divide 132968511?
False
Does 267 divide 1040746?
False
Is 108 a factor of 25182036?
True
Does 71 divide 16738297?
False
Does 402 divide 9051432?
True
Is 23098885 a multiple of 13?
False
Does 455 divide 178107930?
True
Is 257090955 a multiple of 76?
False
Is 43821606 a multiple of 971?
False
Does 47 divide 257944285?
False
Does 59 divide 3458903568?
False
Is 731315820 a multiple of 363?
False
Is 2477560 a multiple of 18?
False
Is 128938103 a multiple of 949?
False
Is 9585070 a multiple of 5?
True
Does 289 divide 394284427?
False
Is 219 a factor of 4217834223?
True
Is 392288433 a multiple of 632?
False
Is 52 a factor of 516435236?
False
Does 255 divide 8724246?
False
Does 21 divide 3407624622?
False
Is 3460937 a multiple of 88?
False
Does 37 divide 497707501?
False
Is 209283423 a multiple of 107?
False
Is 117 a factor of 1267124865?
False
Is 14 a factor of 262249683?
False
Is 2459403 a multiple of 85?
False
Does 49 divide 13939128?
True
Is 5 a factor of 71518?
False
Is 196870225 a multiple of 13?
False
Does 6 divide 158219013?
False
Does 3 divide 117400?
False
Is 93 a factor of 149064364?
False
Is 21 a factor of 2381006292?
True
Is 3 a factor of 111108393?
True
Does 55 divide 10220320?
True
Does 10 divide 784972895?
False
Is 162 a factor of 154819881?
False
Is 41 a factor of 39368446?
True
Is 83834012 a multiple of 801?
False
Does 705 divide 913274905?
False
Is 3 a factor of 5577114?
True
Is 1230 a factor of 167820900?
False
Is 525771015 a multiple of 15?
True
Is 277 a factor of 5039012?
False
Does 1949 divide 98962424?
True
Is 761488420 a multiple of 490?
True
Is 31087187 a multiple of 3?
False
Does 49 divide 46468637?
False
Is 16 a factor of 65938512?
True
Is 82328886 a multiple of 162?
True
Is 177113538 a multiple of 18?
True
Is 12 a factor of 7653264?
True
Does 521 divide 120124886?
True
Does 58 divide 132970169?
False
Is 305 a factor of 134699590?
True
Is 12119592 a multiple of 28?
False
Is 10 a factor of 337703379?
False
Is 34 a factor of 11500500?
True
Is 671516044 a multiple of 597?
False
Does 2316 divide 1354785917?
False
Does 4 divide 57754393?
False
Does 34 divide 220790764?
True
Is 428495037 a multiple of 411?
True
Does 5029 divide 260009358?
True
Is 197668215 a multiple of 22?
False
Does 4361 divide 252122493?
True
Does 216 divide 37177920?
True
Is 135272021 a multiple of 413?
False
Is 1438240784 a multiple of 368?
True
Is 127 a factor of 48984789?
True
Is 9 a factor of 1959795?
True
Does 52 divide 212778800?
True
Does 31 divide 358252912?
False
Is 1985188857 a multiple of 69?
True
Is 19 a factor of 131085358?
False
Does 143 divide 7776054?
True
Does 16 divide 267010627?
False
Does 35 divide 20575275?
True
Is 86150739 a multiple of 358?
False
Does 1311 divide 303238233?
True
Is 45 a factor of 459216?
False
Does 22 divide 23687598?
True
Is 567 a factor of 20028141?
True
Does 1325 divide 806777742?
False
Does 1241 divide 14229476?
False
Is 7 a factor of 109206463?
False
Is 17 a factor of 33051706?
True
Is 2731140 a multiple of 12?
True
Does 8 divide 155281417?
False
Is 3054 a factor of 119354590?
False
Is 2113 a factor of 144964478?
True
Does 530 divide 25878840?
True
Is 1857 a factor of 403479675?
True
Is 185 a factor of 7139915860?
False
Is 2073323581 a multiple of 230?
False
Does 3787 divide 1696727942?
False
Is 1566468688 a multiple of 253?
False
Is 41 a factor of 41617788?
True
Does 2735 divide 245528465?
False
Is 1461 a factor of 22542810?
False
Is 230 a factor of 84039700?
True
Does 287 divide 39251555?
True
Is 12 a factor of 170935377?
False
Does 9 divide 22393188?
True
Does 13 divide 2204100815?
False
Is 235499684 a multiple of 3503?
True
Does 18 divide 52117613?
False
Does 566 divide 171894200?
True
Is 40284288 a multiple of 1452?
True
Is 1050805470 a multiple of 78?
True
Is 3099955 a multiple of 238?
False
Is 634255888 a multiple of 262?
True
Is 14 a factor of 165298658?
True
Is 132464919 a multiple of 738?
False
Is 187 a factor of 324458107?
False
Is 798689972 a multiple of 526?
True
Is 1149400210 a multiple of 70?
True
Is 125 a factor of 744029875?
True
Does 71 divide 24640725?
False
Is 9874 a factor of 2081636680?
True
Is 281400045 a multiple of 25?
False
Is 107 a factor of 222587392?
True
Is 28533482 a multiple of 6?
False
Does 28 divide 50501309?
False
Does 6 divide 536715798?
True
Is 33992669 a multiple of 73?
True
Is 1660 a 